 of 2849.
7, 11, 37
What are the prime factors of 453?
3, 151
What are the prime factors of 6099?
3, 19, 107
What are the prime factors of 115220?
2, 5, 7, 823
What are the prime factors of 6652?
2, 1663
List the prime factors of 49688.
2, 6211
What are the prime factors of 7204?
2, 1801
What are the prime factors of 81314?
2, 109, 373
List the prime factors of 45627.
3, 67, 227
List the prime factors of 60381.
3, 6709
List the prime factors of 22222.
2, 41, 271
What are the prime factors of 13416?
2, 3, 13, 43
What are the prime factors of 23131?
23131
List the prime factors of 2883.
3, 31
List the prime factors of 2990.
2, 5, 13, 23
What are the prime factors of 80273?
80273
What are the prime factors of 21397?
21397
What are the prime factors of 35157?
3, 11719
List the prime factors of 6902.
2, 7, 17, 29
What are the prime factors of 4387?
41, 107
What are the prime factors of 2121?
3, 7, 101
What are the prime factors of 41902?
2, 7, 41, 73
List the prime factors of 711.
3, 79
List the prime factors of 3541.
3541
List the prime factors of 28352.
2, 443
What are the prime factors of 41652?
2, 3, 13, 89
What are the prime factors of 91248?
2, 3, 1901
List the prime factors of 9652.
2, 19, 127
List the prime factors of 10277.
43, 239
List the prime factors of 3759.
3, 7, 179
What are the prime factors of 65912?
2, 7, 11, 107
What are the prime factors of 41222?
2, 20611
List the prime factors of 1375.
5, 11
What are the prime factors of 626?
2, 313
What are the prime factors of 7455?
3, 5, 7, 71
What are the prime factors of 877?
877
List the prime factors of 928.
2, 29
List the prime factors of 1613.
1613
List the prime factors of 6012.
2, 3, 167
List the prime factors of 501.
3, 167
List the prime factors of 6307.
7, 17, 53
What are the prime factors of 63960?
2, 3, 5, 13, 41
What are the prime factors of 20962?
2, 47, 223
What are the prime factors of 3409?
7, 487
What are the prime factors of 29919?
3, 9973
List the prime factors of 22584.
2, 3, 941
What are the prime factors of 3667?
19, 193
List the prime factors of 724.
2, 181
List the prime factors of 873.
3, 97
List the prime factors of 3006.
2, 3, 167
List the prime factors of 54208.
2, 7, 11
What are the prime factors of 247?
13, 19
List the prime factors of 2152.
2, 269
List the prime factors of 1478.
2, 739
What are the prime factors of 16499?
7, 2357
List the prime factors of 4446.
2, 3, 13, 19
List the prime factors of 312.
2, 3, 13
List the prime factors of 12835.
5, 17, 151
List the prime factors of 83924.
2, 20981
What are the prime factors of 7809?
3, 19, 137
List the prime factors of 12932.
2, 53, 61
List the prime factors of 21668.
2, 5417
What are the prime factors of 45554?
2, 22777
List the prime factors of 384.
2, 3
List the prime factors of 7098.
2, 3, 7, 13
List the prime factors of 2573.
31, 83
What are the prime factors of 6742?
2, 3371
What are the prime factors of 61571?
23, 2677
What are the prime factors of 10930?
2, 5, 1093
List the prime factors of 124544.
2, 7, 139
List the prime factors of 119592.
2, 3, 11, 151
What are the prime factors of 11548?
2, 2887
What are the prime factors of 5496?
2, 3, 229
List the prime factors of 6119.
29, 211
What are the prime factors of 117420?
2, 3, 5, 19, 103
What are the prime factors of 2803?
2803
What are the prime factors of 20326?
2, 10163
List the prime factors of 27617.
27617
List the prime factors of 2529.
3, 281
What are the prime factors of 5149?
19, 271
What are the prime factors of 35?
5, 7
List the prime factors of 20958.
2, 3, 7, 499
List the prime factors of 2791.
2791
List the prime factors of 16001.
16001
What are the prime factors of 1527?
3, 509
What are the prime factors of 2265?
3, 5, 151
What are the prime factors of 354?
2, 3, 59
List the prime factors of 144.
2, 3
What are the prime factors of 4993?
4993
What are the prime factors of 6663?
3, 2221
List the prime factors of 16324.
2, 7, 11, 53
What are the prime factors of 1386?
2, 3, 7, 11
List the prime factors of 39847.
39847
What are the prime factors of 2723?
7, 389
What are the prime factors of 1079?
13, 83
List the prime factors of 60968.
2, 7621
What are the prime factors of 1324?
2, 331
List the prime factors of 3871.
7, 79
What are the prime factors of 17481?
3, 5827
List the prime factors of 455.
5, 7, 13
What are the prime factors of 4312?
2, 7, 11
List the prime factors of 4001.
4001
What are the prime factors of 27895?
5, 7, 797
What are the prime factors of 1154?
2, 577
What are the prime factors of 38154?
2, 3, 6359
What are the prime factors of 400?
2, 5
What are the prime factors of 174?
2, 3, 29
What are the prime factors of 1410?
2, 3, 5, 47
What are the prime factors of 48701?
31, 1571
List the prime factors of 58343.
41, 1423
What are the prime factors of 474?
2, 3, 79
What are the prime factors of 37835?
5, 7, 23, 47
List the prime factors of 211.
211
List the prime factors of 28872.
2, 3, 401
What are the prime factors of 819?
3, 7, 13
List the prime factors of 5755.
5, 1151
List the prime factors of 203.
7, 29
List the prime factors of 724.
2, 181
List the prime factors of 12055.
5, 2411
What are the prime factors of 174?
2, 3, 29
What are the prime factors of 44842?
2, 7, 3203
What are the prime factors of 2098?
2, 1049
List the prime factors of 8604.
2, 3, 239
What are the prime factors of 71009?
17, 4177
What are the prime factors of 92016?
2, 3, 71
List the prime factors of 48.
2, 3
List the prime factors of 87163.
101, 863
List the prime factors of 1671.
3, 557
What are the prime factors of 6619?
6619
What are the prime factors of 60914?
2, 7, 19, 229
What are the prime factors of 19867?
19867
List the prime factors of 3980.
2, 5, 199
List the prime factors of 8927.
79, 113
What are the prime factors of 754?
2, 13, 29
What are the prime factors of 59013?
3, 79, 83
List the prime factors of 32055.
3, 5, 2137
List the prime factors of 3468.
2, 3, 17
List the prime factors of 2123.
11, 193
List the prime factors of 25972.
2, 43, 151
What are the prime factors of 5808?
2, 3, 11
List the prime factors of 1742.
2, 13, 67
What are the prime factors of 1214?
2, 607
What are the prime factors of 1750?
2, 5, 7
List the prime factors of 1511.
1511
List the prime factors of 5629.
13, 433
List the prime factors of 18205.
5, 11, 331
What are the prime factors of 88305?
3, 5, 7, 29
What are the prime factors of 1135?
5, 227
What are the prime factors of 30177?
3, 7, 479
What are the prime factors of 23581?
23581
List the prime factors of 5049.
3, 11, 17
What are the prime factors of 1934?
2, 967
List the prime factors of 1495.
5, 13, 23
What are the prime factors of 75814?
2, 37907
What are the prime factors of 1732?
2, 433
What are the prime factors of 150817?
67, 2251
List the prime factors of 851.
23, 37
What are the prime factors of 34393?
163, 211
What are the prime factors of 11764?
2, 17, 173
List the prime factors of 41075.
5, 31, 53
What are the prime factors of 33715?
5, 11, 613
List the prime factors of 1204.
2, 7, 43
List the prime factors of 54039.
3, 18013
List the prime factors of 3143.
7, 449
What are the prime factors of 13409?
11, 23, 53
List the prime factors of 5276.
2, 1319
List the prime factors of 494.
2, 13, 19
What are the prime factors of 16745?
5, 17, 197
What are the prime factors of 1088?
2, 17
What are the prime factors of 169407?
3, 7, 2689
What are the prime factors of 61686?
2, 3, 23, 149
What are the prime factors of 4386?
2, 3, 17, 43
What are the prime factors of 58762?
2, 11, 2671
List the prime factors of 2493.
3, 277
What are the prime factors of 799?
17, 47
What are the prime factors of 86471?
7, 11, 1123
What are the prime factors of 14407?
14407
List the prime factors of 124583.
19, 79, 83
What are the prime factors of 56140?
2, 5, 7, 401
What are the prime factors of 3371?
3371
What are the prime factors of 98719?
17, 5807
List the prime factors of 15120.
2, 3, 5, 7
What are the prime factors of 2645?
5, 23
List the prime factors of 8024.
2, 17, 59
List the prime factors of 170299.
170299
List the prime factors of 3675.
3, 5, 7
What are the prime factors of 392?
2, 7
List the prime factors of 12605.
5, 2521
What are the prime factors of 159?
3, 53
What are the prime factors of 3236?
2, 